{"id":3061,"date":"2024-06-25T17:24:03","date_gmt":"2024-06-25T15:24:03","guid":{"rendered":"https:\/\/afrique-sud.diplomatie.gov.bf\/?page_id=3061"},"modified":"2024-06-26T19:41:19","modified_gmt":"2024-06-26T17:41:19","slug":"passeport","status":"publish","type":"page","link":"https:\/\/afrique-sud.diplomatie.gov.bf\/index.php\/passeport\/","title":{"rendered":"Passeport"},"content":{"rendered":"\t\t<div data-elementor-type=\"wp-page\" data-elementor-id=\"3061\" class=\"elementor elementor-3061\" data-elementor-post-type=\"page\">\n\t\t\t\t<div data-particle_enable=\"false\" data-particle-mobile-disabled=\"false\" class=\"elementor-element elementor-element-8a16651 e-con-full e-flex e-con e-parent\" data-id=\"8a16651\" data-element_type=\"container\" data-e-type=\"container\">\n\t\t\t\t<div class=\"elementor-element elementor-element-29f0fee elementor-widget elementor-widget-text-editor\" data-id=\"29f0fee\" data-element_type=\"widget\" data-e-type=\"widget\" data-widget_type=\"text-editor.default\">\n\t\t\t\t<div class=\"elementor-widget-container\">\n\t\t\t\t\t\t\t\t\t<p><span style=\"font-family: book antiqua, palatino\"><span style=\"font-size: medium\">L<span style=\"font-family: Liberation Serif, serif\"><span style=\"font-size: large\">e passeport ordinaire est d\u00e9livr\u00e9 par la Direction G\u00e9n\u00e9rale de la Police Nationale \u00e0 travers la Division de la Migration <\/span><\/span><span style=\"font-family: Liberation Serif, serif\"><span style=\"font-size: large\">du Burkina Faso<\/span><\/span><span style=\"font-family: Liberation Serif, serif\"><span style=\"font-size: large\">. Pour l\u2019obtention d\u2019un passeport, il faut constituer un dossier compos\u00e9 des pi\u00e8ces ci-dessous.<\/span><\/span><\/span><\/span><\/p>\t\t\t\t\t\t\t\t<\/div>\n\t\t\t\t<\/div>\n\t\t\t\t<div class=\"elementor-element elementor-element-d9acdad elementor-widget elementor-widget-heading\" data-id=\"d9acdad\" data-element_type=\"widget\" data-e-type=\"widget\" data-widget_type=\"heading.default\">\n\t\t\t\t<div class=\"elementor-widget-container\">\n\t\t\t\t\t<h2 class=\"elementor-heading-title elementor-size-default\">Pour les majeurs<\/h2>\t\t\t\t<\/div>\n\t\t\t\t<\/div>\n\t\t\t\t<div class=\"elementor-element elementor-element-6530a8e elementor-widget elementor-widget-text-editor\" data-id=\"6530a8e\" data-element_type=\"widget\" data-e-type=\"widget\" data-widget_type=\"text-editor.default\">\n\t\t\t\t<div class=\"elementor-widget-container\">\n\t\t\t\t\t\t\t\t\t<ol><li><p align=\"justify\"><span style=\"font-family: Liberation Serif, serif\"><span style=\"font-size: large\">Une copie l\u00e9galis\u00e9e de l&rsquo;acte de naissance <\/span><\/span><\/p><\/li><li><p align=\"justify\"><span style=\"font-family: Liberation Serif, serif\"><span style=\"font-size: large\">Une copie l\u00e9galis\u00e9e du certificat de nationalit\u00e9 Burkinab\u00e9 <\/span><\/span><\/p><\/li><li><p align=\"justify\"><span style=\"font-family: Liberation Serif, serif\"><span style=\"font-size: large\">Une copie l\u00e9galis\u00e9e de la CNIB ou de la carte d\u2019identit\u00e9 consulaire (CIC)<\/span><\/span><\/p><\/li><li><p align=\"justify\"><span style=\"font-family: Liberation Serif, serif\"><span style=\"font-size: large\">Un casier judiciaire en cours de validit\u00e9 <\/span><\/span><\/p><\/li><li><p align=\"justify\"><span style=\"font-family: Liberation Serif, serif\"><span style=\"font-size: large\">Un timbre de 200FCFA <\/span><\/span><\/p><\/li><li><p align=\"justify\"><span style=\"font-family: Liberation Serif, serif\"><span style=\"font-size: large\">Trois(03) photos d&rsquo;identit\u00e9 (format passeport) <\/span><\/span><\/p><\/li><li><p align=\"justify\"><span style=\"font-family: Liberation Serif, serif\"><span style=\"font-size: large\">Un document justifiant votre profession <\/span><\/span><\/p><\/li><li><p align=\"justify\"><span style=\"font-family: Liberation Serif, serif\"><span style=\"font-size: large\">La somme de cinquante mille (50.000F) CFA pour les frais d&rsquo;\u00e9tablissement <\/span><\/span><\/p><\/li><\/ol><p align=\"justify\"><span style=\"font-family: Liberation Serif, serif\"><span style=\"font-size: large\">Pour les femmes mari\u00e9es qui d\u00e9sirent porter le nom de leurs conjoints sur le passeport, il faut joindre une copie l\u00e9galis\u00e9e de l&rsquo;acte de mariage aux pi\u00e8ces cit\u00e9es ci-dessus.<\/span><\/span><\/p>\t\t\t\t\t\t\t\t<\/div>\n\t\t\t\t<\/div>\n\t\t\t\t<div class=\"elementor-element elementor-element-6caaed7 elementor-widget elementor-widget-heading\" data-id=\"6caaed7\" data-element_type=\"widget\" data-e-type=\"widget\" data-widget_type=\"heading.default\">\n\t\t\t\t<div class=\"elementor-widget-container\">\n\t\t\t\t\t<h2 class=\"elementor-heading-title elementor-size-default\">Pour les mineurs<\/h2>\t\t\t\t<\/div>\n\t\t\t\t<\/div>\n\t\t\t\t<div class=\"elementor-element elementor-element-cbe11cf elementor-widget elementor-widget-text-editor\" data-id=\"cbe11cf\" data-element_type=\"widget\" data-e-type=\"widget\" data-widget_type=\"text-editor.default\">\n\t\t\t\t<div class=\"elementor-widget-container\">\n\t\t\t\t\t\t\t\t\t<ol><li><p align=\"justify\"><span style=\"font-family: Liberation Serif, serif\"><span style=\"font-size: large\">L\u2019acte de naissance de l\u2019enfant <\/span><\/span><\/p><\/li><li><p align=\"justify\"><span style=\"font-family: Liberation Serif, serif\"><span style=\"font-size: large\">Le certificat de nationalit\u00e9 de l\u2019enfant <\/span><\/span><\/p><\/li><li><p align=\"justify\"><span style=\"font-family: Liberation Serif, serif\"><span style=\"font-size: large\">Une autorisation parentale <\/span><\/span><\/p><\/li><li><p align=\"justify\"><span style=\"font-family: Liberation Serif, serif\"><span style=\"font-size: large\">Document d\u2019identit\u00e9 des deux parents (si le mineur r\u00e9side au Burkina Faso) ; dans le cas contraire, il faut un titre de s\u00e9jour des deux parents. Dans ce cas, l\u2019autorisation parentale n\u2019est plus n\u00e9cessaire. <\/span><\/span><\/p><\/li><li><p align=\"justify\"><span style=\"font-family: Liberation Serif, serif\"><span style=\"font-size: large\">Un timbre fiscal de 200 f plus la somme de 50000f <\/span><\/span><\/p><\/li><li><p align=\"justify\"><span style=\"font-family: Liberation Serif, serif\"><span style=\"font-size: large\">Trois(03) photos (format passeport) <\/span><\/span><\/p><\/li><\/ol><p align=\"justify\"><span style=\"font-family: Liberation Serif, serif\"><span style=\"font-size: large\">Pour les militaires et paramilitaires, il faut joindre un certificat de pr\u00e9sence au corps pr\u00e9cisant l\u2019\u00e9tablissement d\u2019un passeport.<\/span><\/span><\/p><p align=\"justify\"><strong><span style=\"font-family: Liberation Serif, serif\"><span style=\"font-size: large\"><u>NB<\/u><\/span><\/span><\/strong><span style=\"font-family: Liberation Serif, serif\"><span style=\"font-size: large\"> : La dur\u00e9e d\u2019\u00e9tablissement est de soixante-douze heures (72h) ouvrables si le dossier est r\u00e9gulier. Mais en cas d\u2019insuffisance de stocks le d\u00e9lai peut varier en fonction de l\u2019urgence. <\/span><\/span><strong><span style=\"font-family: Liberation Serif, serif\"><span style=\"font-size: large\">Eviter de passer par des interm\u00e9diaires.<\/span><\/span><\/strong><\/p>\t\t\t\t\t\t\t\t<\/div>\n\t\t\t\t<\/div>\n\t\t\t\t<\/div>\n\t\t\t\t<\/div>\n\t\t","protected":false},"excerpt":{"rendered":"<p>Le passeport ordinaire est d\u00e9livr\u00e9 par la Direction G\u00e9n\u00e9rale de la Police Nationale \u00e0 travers la Division de la Migration du Burkina Faso. Pour l\u2019obtention d\u2019un passeport, il faut constituer un dossier compos\u00e9 des pi\u00e8ces ci-dessous. \/*! elementor &#8211; v3.22.0 &#8211; 24-06-2024 *\/ .elementor-heading-title{padding:0;margin:0;line-height:1}.elementor-widget-heading .elementor-heading-title[class*=elementor-size-]&gt;a{color:inherit;font-size:inherit;line-height:inherit}.elementor-widget-heading .elementor-heading-title.elementor-size-small{font-size:15px}.elementor-widget-heading .elementor-heading-title.elementor-size-medium{font-size:19px}.elementor-widget-heading .elementor-heading-title.elementor-size-large{font-size:29px}.elementor-widget-heading .elementor-heading-title.elementor-size-xl{font-size:39px}.elementor-widget-heading .elementor-heading-title.elementor-size-xxl{font-size:59px} Pour les majeurs Une copie [&hellip;]<\/p>\n","protected":false},"author":4,"featured_media":0,"parent":0,"menu_order":0,"comment_status":"closed","ping_status":"closed","template":"","meta":{"_acf_changed":false,"_monsterinsights_skip_tracking":false,"_monsterinsights_sitenote_active":false,"_monsterinsights_sitenote_note":"","_monsterinsights_sitenote_category":0,"footnotes":""},"class_list":["post-3061","page","type-page","status-publish","hentry"],"acf":[],"_links":{"self":[{"href":"https:\/\/afrique-sud.diplomatie.gov.bf\/index.php\/wp-json\/wp\/v2\/pages\/3061","targetHints":{"allow":["GET"]}}],"collection":[{"href":"https:\/\/afrique-sud.diplomatie.gov.bf\/index.php\/wp-json\/wp\/v2\/pages"}],"about":[{"href":"https:\/\/afrique-sud.diplomatie.gov.bf\/index.php\/wp-json\/wp\/v2\/types\/page"}],"author":[{"embeddable":true,"href":"https:\/\/afrique-sud.diplomatie.gov.bf\/index.php\/wp-json\/wp\/v2\/users\/4"}],"replies":[{"embeddable":true,"href":"https:\/\/afrique-sud.diplomatie.gov.bf\/index.php\/wp-json\/wp\/v2\/comments?post=3061"}],"version-history":[{"count":6,"href":"https:\/\/afrique-sud.diplomatie.gov.bf\/index.php\/wp-json\/wp\/v2\/pages\/3061\/revisions"}],"predecessor-version":[{"id":3944,"href":"https:\/\/afrique-sud.diplomatie.gov.bf\/index.php\/wp-json\/wp\/v2\/pages\/3061\/revisions\/3944"}],"wp:attachment":[{"href":"https:\/\/afrique-sud.diplomatie.gov.bf\/index.php\/wp-json\/wp\/v2\/media?parent=3061"}],"curies":[{"name":"wp","href":"https:\/\/api.w.org\/{rel}","templated":true}]}}